 of 636142?
3
What is the units digit of 261144?
4
What is the hundred thousands digit of 422898?
4
What is the thousands digit of 1017136?
7
What is the ten millions digit of 18949830?
1
What is the tens digit of 146132?
3
What is the units digit of 169366?
6
What is the hundreds digit of 126853?
8
What is the thousands digit of 13140088?
0
What is the thousands digit of 3464493?
4
What is the ten thousands digit of 259645?
5
What is the units digit of 719460?
0
What is the hundreds digit of 168165?
1
What is the ten thousands digit of 315941?
1
What is the units digit of 764068?
8
What is the hundreds digit of 417178?
1
What is the millions digit of 2211861?
2
What is the hundred thousands digit of 9563611?
5
What is the millions digit of 7138452?
7
What is the hundreds digit of 1451977?
9
What is the units digit of 3371473?
3
What is the tens digit of 231199?
9
What is the thousands digit of 3601598?
1
What is the hundred thousands digit of 26331923?
3
What is the hundred thousands digit of 7783861?
7
What is the thousands digit of 15950202?
0
What is the hundreds digit of 213641?
6
What is the ten thousands digit of 318224?
1
What is the hundreds digit of 9653923?
9
What is the hundred thousands digit of 650819?
6
What is the hundred thousands digit of 7851561?
8
What is the tens digit of 5246536?
3
What is the hundred thousands digit of 4157745?
1
What is the hundreds digit of 273173?
1
What is the millions digit of 1427121?
1
What is the thousands digit of 2959058?
9
What is the hundreds digit of 74591?
5
What is the hundreds digit of 6859117?
1
What is the ten thousands digit of 598536?
9
What is the hundreds digit of 6991801?
8
What is the tens digit of 167272?
7
What is the hundred thousands digit of 303414?
3
What is the ten millions digit of 13263988?
1
What is the hundreds digit of 499087?
0
What is the millions digit of 5678002?
5
What is the hundred thousands digit of 135332?
1
What is the hundred thousands digit of 660333?
6
What is the units digit of 4518815?
5
What is the ten thousands digit of 94182?
9
What is the hundreds digit of 14981095?
0
What is the ten millions digit of 17012830?
1
What is the tens digit of 2448896?
9
What is the hundred thousands digit of 146155?
1
What is the units digit of 345013?
3
What is the thousands digit of 4352330?
2
What is the hundreds digit of 653975?
9
What is the hundred thousands digit of 6065695?
0
What is the millions digit of 2975688?
2
What is the hundreds digit of 361666?
6
What is the tens digit of 204673?
7
What is the units digit of 854915?
5
What is the units digit of 1853295?
5
What is the hundreds digit of 267296?
2
What is the ten thousands digit of 76589?
7
What is the tens digit of 147125?
2
What is the ten thousands digit of 1641105?
4
What is the ten thousands digit of 5421523?
2
What is the thousands digit of 138019?
8
What is the hundred thousands digit of 5221631?
2
What is the hundred thousands digit of 8626500?
6
What is the ten millions digit of 23177387?
2
What is the thousands digit of 2649450?
9
What is the thousands digit of 5189487?
9
What is the tens digit of 2911957?
5
What is the units digit of 540989?
9
What is the millions digit of 1066391?
1
What is the hundred thousands digit of 317205?
3
What is the thousands digit of 430063?
0
What is the hundred thousands digit of 796856?
7
What is the thousands digit of 17963353?
3
What is the hundreds digit of 1624383?
3
What is the ten millions digit of 24269972?
2
What is the ten thousands digit of 306839?
0
What is the tens digit of 57581?
8
What is the ten millions digit of 17079355?
1
What is the hundred thousands digit of 1640456?
6
What is the ten thousands digit of 6666677?
6
What is the units digit of 2286514?
4
What is the thousands digit of 258235?
8
What is the hundred thousands digit of 2299073?
2
What is the thousands digit of 35325622?
5
What is the tens digit of 8199715?
1
What is the hundreds digit of 12519?
5
What is the hundreds digit of 80564?
5
What is the tens digit of 1151386?
8
What is the thousands digit of 233988?
3
What is the hundred thousands digit of 234582?
2
What is the ten thousands digit of 9165730?
6
What is the hundred thousands digit of 218229?
2
What is the hundred thousands digit of 761524?
7
What is the millions digit of 2129715?
2
What is the tens digit of 13675670?
7
What is the tens digit of 608108?
0
What is the tens digit of 2382742?
4
What is the ten thousands digit of 1315283?
1
What is the tens digit of 533995?
9
What is the hundreds digit of 13820827?
8
What is the thousands digit of 6646481?
6
What is the tens digit of 6959084?
8
What is the units digit of 608084?
4
What is the hundred thousands digit of 204062?
2
What is the ten millions digit of 23594576?
2
What is the hundreds digit of 52227?
2
What is the hundreds digit of 4870860?
8
What is the ten thousands digit of 1019565?
1
What is the tens digit of 202887?
8
What is the ten thousands digit of 4640608?
4
What is the tens digit of 495746?
4
What is the units digit of 202584?
4
What is the units digit of 15415192?
2
What is the thousands digit of 1569135?
9
What is the hundred thousands digit of 111757?
1
What is the hundreds digit of 2551962?
9
What is the tens digit of 725978?
7
What is the units digit of 4293183?
3
What is the hundreds digit of 178045?
0
What is the ten thousands digit of 15129606?
2
What is the hundreds digit of 1413397?
3
What is the millions digit of 1289042?
1
What is the thousands digit of 575632?
5
What is the hundred thousands digit of 188240?
1
What is the millions digit of 28556855?
8
What is the units digit of 681958?
8
What is the ten thousands digit of 266537?
6
What is the hundreds digit of 507957?
9
What is the hundreds digit of 265816?
8
What is the hundred thousands digit of 857044?
8
What is the tens digit of 1884487?
8
What is the hundred thousands digit of 10750073?
7
What is the hundreds digit of 613080?
0
What is the thousands digit of 32405600?
5
What is the tens digit of 470699?
9
What is the hundreds digit of 138609?
6
What is the hundreds digit of 163762?
7
What is the hundred thousands digit of 681717?
6
What is the hundred thousands digit of 4296197?
2
What is the thousands digit of 111901?
1
What is the ten millions digit of 24591630?
2
What is the units digit of 256869?
9
What is the hundreds digit of 4031843?
8
What is the thousands digit of 76659?
6
What is the hundreds digit of 548505?
5
What is the tens digit of 91703?
0
What is the ten thousands digit of 1939632?
3
What is the hundreds digit of 1437416?
4
What is the tens digit of 2839785?
8
What is the thousands digit of 277710?
7
What is the units digit of 1381795?
5
What is the thousands digit of 69541?
9
What is the ten millions digit of 23220495?
2
What is the ten thousands digit of 75343?
7
What is the ten millions digit of 10784788?
1
What is the units digit of 52354?
4
What is the units digit of 1194772?
2
What is the hundred thousands digit of 461205?
4
What is the thousands digit of 1036291?
6
What is the ten thousands digit of 422352?
2
What is the millions digit of 4689996?
4
What is the hundreds digit of 379571?
5
What is the thousands digit of 25504?
5
What is the ten millions digit of 20012851?
2
What is the ten thousands digit of 85699?
8
What is the millions digit of 6017541?
6
What is the thousands digit of 16791800?
1
What is the ten thousands digit of 1714723?
1
What is the thousands digit of 22030866?
0
What is the hundred thousands digit of 419148?
4
What is the tens digit of 291487?
8
What is the millions digit of 7152343?
7
What is the tens digit of 460199?
9
What is the millions digit of 1048559?
1
What is the units digit of 2045160?
0
What is the thousands digit of 308649?
8
What is the hundred thousands digit of 4432043?
4
What is the millions digit of 12806758?
2
What is the hundreds digit of 12656294?
2
What is the thousands digit of 235148?
5
What is the ten thousands digit of 975590?
7
What is the ten millions digit of 28591199?
2
What is the hundred thousands digit of 634324?
6
What is the tens digit of 5840869?
6
What is the hundred thousands digit of 2941795?
9
What is the hundreds digit of 1315812?
8
What is the hundreds digit of 6139525?
5
What is the units digit of